 remainder when o is divided by 24?
23
Let z(k) = 8*k + 317. Let g(f) = -f. Let t be g(-4). What is the remainder when z(-38) is divided by 86/10 - t/(-10)?
4
Suppose -4*m - 24 - 320 = 0. Let l = m - -125. Let k(v) = -v**3 + 8*v**2 - 7*v + 11. What is the remainder when l is divided by k(7)?
6
Let b(w) = -w**3 + 5*w**2 - 8. Let a be b(3). Suppose -a*y + 7*y = -9. What is the remainder when 10 is divided by y?
1
Let x be 844/(-14) + (-2)/(-7). Let q = 111 + x. Calculate the remainder when q is divided by (-15)/(-3) - (3 + -16).
15
Let x(z) = 6 + 27*z - 12*z + 31 - 14*z. Let q(r) = r**2 + 3*r - 5. Calculate the remainder when q(-5) is divided by x(-34).
2
Let x = 153 + -133. Calculate the remainder when 91 is divided by x.
11
Suppose 6*o - 2*o = r + 144, r + 74 = 2*o. Let k(u) = -8 + 19*u - 17*u - 1. What is the remainder when o is divided by k(11)?
9
Suppose 40 = 33*a - 29*a. Calculate the remainder when 487 is divided by a.
7
Suppose 3*a - 8*a - 5 = 0. Let k be a/(-3)*195/13. Suppose -2*z + k*w = -39, -4*z = -2*z + 5*w + 11. Calculate the remainder when 19 is divided by z.
5
Let p = 16 - 1. Let w(j) = j**3 - 16*j**2 + 15*j + 3. Let s be w(p). Suppose -2*l - s*l + 15 = 0. Calculate the remainder when l is divided by 3.
0
Let w(v) = 6*v**2 - 18*v + 3. Let u(c) = -c**2 + 3*c - 1. What is the remainder when w(3) is divided by u(2)?
0
Suppose 474 = -11*j + 3004. What is the remainder when j is divided by 88?
54
Let j be 2*((-7)/(-3))/(12/216). Suppose 341 = 2*u - 5*d + 108, -u = 4*d - j. Calculate the remainder when u is divided by 21.
20
Let r(p) = 26*p - 259. What is the remainder when 71 is divided by r(11)?
17
Let j = 50 - 21. Let i = -20 + j. What is the remainder when 35 is divided by i?
8
Let a = 59 - 31. Suppose a = 8*m - 6*m. What is the remainder when 27 is divided by m?
13
Let y = 10 + -5. Let n(x) = 14*x + 398. Calculate the remainder when n(-28) is divided by y.
1
Suppose 1 - 59 = -2*i - 4*z, i - z = 14. Suppose 0 = -2*o - 43 - 169. Let p = 160 + o. What is the remainder when p is divided by i?
16
Suppose 0 = -7*l + 2*l + 180. Let u = l + -9. Calculate the remainder when 104 is divided by u.
23
Calculate the remainder when 5 - ((-6720)/7)/5 is divided by 52.
41
Suppose 4*y = -0 - 4. Let u be (y - 0)/(1/(-74)). Suppose 10 = 4*x - u. What is the remainder when 62 is divided by x?
20
Let a(v) = v**3 + v**2 - 12. Let n be a(0). Let t = n + 32. Let p = -41 - -118. What is the remainder when p is divided by t?
17
Suppose 25 = -3*k + 7. Let p be ((-38)/k)/((-1)/(-24)). Suppose -3*j = j - p. What is the remainder when j is divided by 13?
12
Let k = -1 - -6. Let i(w) = -w**3 + 7*w**2 - 8*w + 5. Calculate the remainder when (1782/(-8))/(-3) - (-1)/(-4) is divided by i(k).
14
Let m = 899 + -863. Calculate the remainder when 1402 is divided by m.
34
Calculate the remainder when (-1)/((-18)/51)*6 is divided by 4.
1
Let f(o) = o**2 + 3 - 4*o - 2 + 0*o. Calculate the remainder when f(-6) is divided by (-172)/(-8) - (-1)/2 - (-7 + 13).
13
Suppose 3*x - 62 - 45 = 5*a, -5*x = 5*a - 165. Calculate the remainder when 609 is divided by x.
31
Let v(w) = w**2 - 25*w - 16. Let x(n) = 3*n + 55. Calculate the remainder when x(-11) is divided by v(26).
2
Let h = 4 - 9. Calculate the remainder when 22 is divided by 3/h - (-63)/5.
10
What is the remainder when 136 is divided by (-23)/(((-20)/6 - -3)*3)?
21
Let h(o) = 2*o**2 + 5*o - 2. Let g be h(-4). Suppose 8 + g = -3*s. Calculate the remainder when 65 is divided by 5/(10/s)*-11.
32
Let j(p) = p**2 + 8*p - 5. Let l = -12 - -18. What is the remainder when j(l) is divided by 27?
25
Suppose -5*w + 4*h + 1513 = 0, 0 = -4*w - h + 5*h + 1212. Calculate the remainder when w is divided by 143.
15
What is the remainder when 735 is divided by -3 + 52 + (-15)/5*1?
45
Suppose -7*w + 11*w = 3*l - 281, -5 = -5*w. Calculate the remainder when 851 is divided by l.
91
Suppose 27*j - 51*j = -1104. What is the remainder when 205 is divided by j?
21
Suppose -2*g - o = -72, 4*g - 231 + 85 = -o. What is the remainder when g is divided by 14?
9
Suppose 8*d - 215 - 1 = 0. What is the remainder when 187 is divided by d?
25
Let t(f) = 11*f - f**3 - 28*f - 9*f**2 + 8*f - 3. Calculate the remainder when 33 is divided by t(-8).
3
Let n(w) = -16*w - 3. Let z = 13 + -15. Let x be n(z). What is the remainder when (2 + x)*(2 - 1) is divided by 11?
9
Let m = -251 - -402. Suppose -q = 3, -4*g - 2*q + 15 = -m. What is the remainder when g is divided by 213/15 + (-12)/(-15)?
13
Let l = -6 - 24. What is the remainder when (-116)/l - 4 - 771/(-45) is divided by 9?
8
Suppose -299*p + 295*p + 3*d = -213, -3*p - 2*d + 181 = 0. What is the remainder when 133 is divided by p?
19
Let x = -211 + 361. Calculate the remainder when 60 is divided by (-4)/(-30) + 1330/x.
6
Let m(w) = -21*w + 236. What is the remainder when 213 is divided by m(9)?
25
Let c = -317 + 333. Calculate the remainder when 381 is divided by c.
13
Suppose -3*t + 762 = 4*y + 40, -4*t + 2*y = -948. What is the remainder when t is divided by 25?
13
Let k(q) = 4*q**2 + 19*q - 53. Let l be (-1*1)/(6/30). Let u = 19 + l. Calculate the remainder when k(3) is divided by u.
12
Suppose 2087 = 3*c + 1541. Calculate the remainder when c is divided by 23.
21
Let c be -723*(-4)/12 + -4. Suppose -3*o = -6*o + c. Calculate the remainder when o is divided by 20.
19
Let k(n) = 89*n - 4. Let d be k(1). Let v = -66 + d. Calculate the remainder when v is divided by 10.
9
Let z(i) be the third derivative of i**6/120 - i**5/15 - i**4/24 + 5*i**3/6 - 7*i**2. Let u be z(4). Calculate the remainder when 59 is divided by u*3/(-1)*-5.
14
Let w = 595 + -413. What is the remainder when w is divided by 11?
6
Let k(w) = -6*w - 12. Let c(f) = -11*f - 23. Let n(j) = 3*c(j) - 5*k(j). Let y be n(16). Calculate the remainder when 57 is divided by y/(-2) + (-9)/(-18).
28
Let b = -60 - -64. Suppose 3*q - 37 = -2*s, -b*s + 5*s + 14 = 5*q. Calculate the remainder when 41 is divided by s.
8
Let f(i) = 7*i**3 - 3*i**2 + 2*i + 5. Let v(t) = -t**3 - 5*t**2 - 3*t + 3. Calculate the remainder when f(2) is divided by v(-5).
17
Let c = 2 - -7. Let p(b) = b**3 - 10*b**2 + 12*b - 4. What is the remainder when 91 is divided by p(c)?
22
Let r(z) be the third derivative of z**6/40 + 3*z**5/20 + z**4/2 + 12*z**2. Let x be r(-5). Let a = -73 - x. Calculate the remainder when a is divided by 23.
22
Let r(u) = -u**2 - 12*u + 14. Calculate the remainder when (-488)/(-12) - 3/(-9) is divided by r(-12).
13
Let m = 33 - 12. Let u(t) = -12*t + 6. Calculate the remainder when u(-8) is divided by m.
18
Let s = -20 - -18. Suppose 4*z - 32 = 2*z. Calculate the remainder when 5/10*(-116)/s is divided by z.
13
Let j = 1228 - 1209. Calculate the remainder when 75 is divided by j.
18
Let d = 311 - 264. Calculate the remainder when d is divided by 10.
7
Suppose 4*q - 22 = -14. Let r be 3/3 - (1 - q). Suppose 19 = 3*h + 2*v, -r*v + 2 + 22 = 4*h. What is the remainder when h is divided by 3?
2
Let p(t) = -4*t**2 - 8*t. Let i(n) = n**2 + n. Let x(c) = 5*i(c) + p(c). Let o be x(2). Calculate the remainder when 94 is divided by -1 + o + 4 + 23.
22
Let q be 684/24 - 2/(-4). Let i = 33 - q. Suppose 5*x + 25 = 0, 2*x = i*m - 31 + 1. What is the remainder when 32 is divided by m?
2
Let u(r) = -8*r - 17. Let v(o) = 9*o + 18. Let w(n) = -6*u(n) - 5*v(n). What is the remainder when 9 is divided by w(-3)?
0
Calculate the remainder when -30*(1/(8/(-20)) - 4) is divided by 10.
5
Suppose -609 = 2*u - 689. Calculate the remainder when 279 is divided by u.
39
Let k = -21 - -25. Suppose -2*z - 50 = -k*z. What is the remainder when z is divided by 9?
7
Let c(k) = -k**3 - 8*k**2 + 29*k - 3. What is the remainder when 203 is divided by c(-11)?
39
Suppose 11*g - 482 = 354. Suppose 5*l + 4*m - 98 - 282 = 0, l + 3*m - g = 0. What is the remainder when l is divided by 13?
11
Suppose 2*p = -0*p + 8. Let h be (-1)/((-932)/232 + p). Suppose -44 = -o + h. What is the remainder when o is divided by 26?
24
Let m(p) = p + 3. Let t be m(-4). Calculate the remainder when 1*((-2)/(-4))/(t/(-86)) is divided by 11.
10
Let s = -258 - -422. What is the remainder when s/(-6)*(-1 + (-5 - -3)) is divided by 42?
40
Suppose 77*k + 64450 = 127*k. What is the remainder when k is divided by 19?
16
Let 